{"id":1064,"date":"2025-12-16T23:42:24","date_gmt":"2025-12-16T22:42:24","guid":{"rendered":"https:\/\/juliedepierrepont.com\/?page_id=1064"},"modified":"2026-03-20T04:21:44","modified_gmt":"2026-03-20T03:21:44","slug":"presentation","status":"publish","type":"page","link":"https:\/\/juliedepierrepont.com\/presentation\/","title":{"rendered":"Pr\u00e9sentation"},"content":{"rendered":"\n<p>Originaire de Cor\u00e9e du Sud, j\u2019ai \u00e9t\u00e9 adopt\u00e9e en France en 1986. J\u2019ai d\u00e9couvert la pratique textile durant mon enfance, en Normandie o\u00f9 j\u2019ai grandi.<br>J\u2019ai \u00e9t\u00e9 form\u00e9e \u00e0 l\u2019\u00c9cole Sup\u00e9rieure des Arts Appliqu\u00e9s de Duperr\u00e9 \u00e0 Paris de 2005 \u00e0 2007. J\u2019ai explor\u00e9 plusieurs th\u00e9matiques ; les abysses (2006-2017) ; les totems (2017-) et aujourd\u2019hui les errances perp\u00e9tuelles depuis 2024. <\/p>\n\n\n\n<figure class=\"wp-block-image size-large\"><img loading=\"lazy\" decoding=\"async\" width=\"683\" height=\"1024\" src=\"http:\/\/juliedepierrepont.com\/wp-content\/uploads\/2024\/04\/autoportrait2-1-683x1024.jpg\" alt=\"\" class=\"wp-image-981\" srcset=\"https:\/\/juliedepierrepont.com\/wp-content\/uploads\/2024\/04\/autoportrait2-1-683x1024.jpg 683w, https:\/\/juliedepierrepont.com\/wp-content\/uploads\/2024\/04\/autoportrait2-1-200x300.jpg 200w, https:\/\/juliedepierrepont.com\/wp-content\/uploads\/2024\/04\/autoportrait2-1-2000x3000.jpg 2000w, https:\/\/juliedepierrepont.com\/wp-content\/uploads\/2024\/04\/autoportrait2-1-scaled.jpg 1707w\" sizes=\"auto, (max-width: 683px) 100vw, 683px\" \/><\/figure>\n\n\n\n<p><a href=\"https:\/\/juliedepierrepont.com\/index.php\/bio\/\">Page suivante<\/a><\/p>\n","protected":false},"excerpt":{"rendered":"<p>Originaire de Cor\u00e9e du Sud, j\u2019ai \u00e9t\u00e9 adopt\u00e9e en France en 1986. J\u2019ai d\u00e9couvert la pratique textile durant mon enfance, en Normandie o\u00f9 j\u2019ai grandi.J\u2019ai \u00e9t\u00e9 form\u00e9e \u00e0 l\u2019\u00c9cole Sup\u00e9rieure des Arts Appliqu\u00e9s de Duperr\u00e9 \u00e0 Paris de 2005 \u00e0 2007. J\u2019ai explor\u00e9 plusieurs th\u00e9matiques ; les abysses (2006-2017) ; les totems (2017-) et aujourd\u2019hui &hellip; <\/p>\n<p class=\"link-more\"><a href=\"https:\/\/juliedepierrepont.com\/presentation\/\" class=\"more-link\">Read more<span class=\"screen-reader-text\"> &#8220;Pr\u00e9sentation&#8221;<\/span><\/a><\/p>\n","protected":false},"author":1,"featured_media":0,"parent":0,"menu_order":0,"comment_status":"closed","ping_status":"closed","template":"","meta":{"footnotes":""},"class_list":["post-1064","page","type-page","status-publish","hentry"],"_links":{"self":[{"href":"https:\/\/juliedepierrepont.com\/wp-json\/wp\/v2\/pages\/1064","targetHints":{"allow":["GET"]}}],"collection":[{"href":"https:\/\/juliedepierrepont.com\/wp-json\/wp\/v2\/pages"}],"about":[{"href":"https:\/\/juliedepierrepont.com\/wp-json\/wp\/v2\/types\/page"}],"author":[{"embeddable":true,"href":"https:\/\/juliedepierrepont.com\/wp-json\/wp\/v2\/users\/1"}],"replies":[{"embeddable":true,"href":"https:\/\/juliedepierrepont.com\/wp-json\/wp\/v2\/comments?post=1064"}],"version-history":[{"count":7,"href":"https:\/\/juliedepierrepont.com\/wp-json\/wp\/v2\/pages\/1064\/revisions"}],"predecessor-version":[{"id":1116,"href":"https:\/\/juliedepierrepont.com\/wp-json\/wp\/v2\/pages\/1064\/revisions\/1116"}],"wp:attachment":[{"href":"https:\/\/juliedepierrepont.com\/wp-json\/wp\/v2\/media?parent=1064"}],"curies":[{"name":"wp","href":"https:\/\/api.w.org\/{rel}","templated":true}]}}